{"id":10,"date":"2025-03-25T09:44:52","date_gmt":"2025-03-25T08:44:52","guid":{"rendered":"https:\/\/anthroposophie.online\/WP\/i-am\/?page_id=2"},"modified":"2025-12-10T11:19:41","modified_gmt":"2025-12-10T11:19:41","slug":"iam","status":"publish","type":"page","link":"https:\/\/i-am.anthroposophie.online\/i-am\/","title":{"rendered":"I  AM"},"content":{"rendered":"\n<h2 class=\"wp-block-heading\">Initiative Anthroposophische Meditation<\/h2>\n\n\n\n<div class=\"wp-block-columns is-layout-flex wp-container-core-columns-is-layout-28f84493 wp-block-columns-is-layout-flex\">\n<div class=\"wp-block-column is-layout-flow wp-block-column-is-layout-flow\">\n<figure class=\"wp-block-image size-full\"><img loading=\"lazy\" decoding=\"async\" width=\"674\" height=\"627\" src=\"https:\/\/i-am.anthroposophie.online\/i-am\/wp-content\/uploads\/2025\/04\/logo.png\" alt=\"\" class=\"wp-image-7\" srcset=\"https:\/\/i-am.anthroposophie.online\/i-am\/wp-content\/uploads\/2025\/04\/logo.png 674w, https:\/\/i-am.anthroposophie.online\/i-am\/wp-content\/uploads\/2025\/04\/logo-300x279.png 300w\" sizes=\"auto, (max-width: 674px) 100vw, 674px\" \/><\/figure>\n<\/div>\n\n\n\n<div class=\"wp-block-column is-layout-flow wp-block-column-is-layout-flow\">\n<h3 class=\"wp-block-heading\">Fachkollquium <br>8. bis 10. Mai 2026<br>Rudolf Steiner Haus Hamburg<\/h3>\n\n\n\n<h2 class=\"wp-block-heading\"><strong>Vertikale Gemeinschafts-bildung<\/strong><\/h2>\n\n\n\n<p>I<strong>ndividuelle und gemeinschaft-liche Ans\u00e4tze anthroposophi-scher Meditation als Weg f\u00fcr das Zusammenleben und -wirken mit geistigen Wesen<\/strong><\/p>\n<\/div>\n<\/div>\n\n\n\n<p><br>Die Wahrnehmung von Stimmungen, von Anwesenheit und Pr\u00e4senz  ist f\u00fcr Aufmerksame  zunehmend Normalit\u00e4t. Sie entdecken auch die eigene Seele als Schauplatz f\u00fcr das Wirken geistiger Wesen. Wie kann Meditation hier aufschliessen, kl\u00e4ren und Verbindung stiften?<\/p>\n\n\n\n<p><br>Ankn\u00fcpfend an das erste I AM-Kolloquium 2025 in Stuttgart zum Thema \u201eMeditieren in Gemeinschaft\u201c werden wir uns Hamburg mit der Frage der vertikalen Gemeinschaftsbildung auseinandersetzen. \u201eVertikal\u201c meint in diesem Zusammenhang: die aktive Zuwendung und Verbindung mit geistigen Wesen. Meditation \u2013 individuell wie auch gemeinschaftlich \u2013 kann zu einem Weg werden f\u00fcr das Zusammenleben und Zusammenwirken mit geistigen Wesen. Der Austausch mit anderen, das Beschreiben solcher Erlebnisse und das Verfolgen, wie sie zustande kommen, kann die eigene Arbeit erg\u00e4nzen und befruchten.<\/p>\n\n\n\n<p><br>Mit diesem Fachkolloquium m\u00f6chten wir uns den skizzierten Themen und Fragen \u00fcbend und erfahrend zuwenden. Neben den gemeinsamen \u00dcbzeiten, in denen individuelle Erfahrungswege miterlebt werden k\u00f6nnen, sind die Gespr\u00e4che im Plenum auf drei thematische Schwerpunkte ausgerichtet: Anwesenheit, Verbindlichkeit, Inspirationsgemeinschaft.<\/p>\n\n\n\n<p class=\"is-style-default\"><br><br>Menschen mit Fragen und Anliegen in dieser Richtung sind herzlich eingeladen, an dem Kolloquium teilzunehmen. Wir freuen uns auf einen offenen Austausch und die Bereitschaft, aneinander und miteinander zu lernen.<\/p>\n\n\n\n<p class=\"is-style-default has-text-color has-link-color wp-elements-750d10a64157e86d1c1933ae404344ec\" style=\"color:#1c3575\"><br><strong>Vorbereitungskreis: Matthias B\u00f6lts, Markus Buchmann, Inessa Burdich, Andreas Heertsch, Rolf Heine, Andreas Neider, Claus-Peter R\u00f6h, Wolfgang Tomaschitz, Bart Vanmechelen, Ulrike Wendt<\/strong><\/p>\n\n\n\n<p><strong>Programm (Stand 10.12.25)<\/strong><\/p>\n\n\n\n<p>Freitag, 8.5.26<\/p>\n\n\n\n<p>17.30 Begr\u00fc\u00dfung und Er\u00f6ffnungsplenum: \u201cWas bedeutet Anwesenheit?\u201c<\/p>\n\n\n\n<p>20.00 \u00dcbungs-Raum I \u2013 Rolf Heine<\/p>\n\n\n\n<p>Meditatives \u00dcben, Erfahrungsaustausch und Gespr\u00e4ch<\/p>\n\n\n\n<p>Samstag, 9.5.26<\/p>\n\n\n\n<p>9.00 Auftakt\u00fcbungen \u2013 Matthias B\u00f6lts und Ulrike Wendt<\/p>\n\n\n\n<p>\u00dcbungs-Raum II \u2013 Astrid Engelbrecht \/ Christine Gruwez<\/p>\n\n\n\n<p>12.00 Plenum II \u201eVertikale Verbindung und Verbindlichkeit\u201c<\/p>\n\n\n\n<p>15.00 \u00dcbungsgruppen zum Tagungsthema<\/p>\n\n\n\n<p>17.00 Plenum III Auswertung der \u00dcbungsgruppen<\/p>\n\n\n\n<p>19.30 kreativer Abend \u2013 k\u00fcnstlerische Besinnung<\/p>\n\n\n\n<p>verantwortlich: Matthias und Ulrike<\/p>\n\n\n\n<p>Sonntag, 10.5.26<\/p>\n\n\n\n<p>9.00 Auftakt\u00fcbungen \u2013 Matthias B\u00f6lts und Ulrike Wendt<\/p>\n\n\n\n<p>\u00dcbungsraum III &#8211; Mikko Jairi: zum Thema \u201eWahrnehmung der Engelwelt\u201c<\/p>\n\n\n\n<p>11.30 Plenum IV \u201eWie entsteht eine Inspirationsgemeinschaft?\u201c<\/p>\n\n\n\n<p>Zukunft und Perspektiven vertikaler Gemeinschaftsbildung<\/p>\n\n\n\n<p>13.00 Ende<\/p>\n","protected":false},"excerpt":{"rendered":"<p>Initiative Anthroposophische Meditation Fachkollquium 8. bis 10. Mai 2026Rudolf Steiner Haus Hamburg Vertikale Gemeinschafts-bildung Individuelle und gemeinschaft-liche Ans\u00e4tze anthroposophi-scher Meditation als Weg f\u00fcr das Zusammenleben und -wirken mit geistigen Wesen Die Wahrnehmung von Stimmungen, von Anwesenheit und Pr\u00e4senz ist f\u00fcr Aufmerksame zunehmend Normalit\u00e4t. Sie entdecken auch die eigene Seele als Schauplatz f\u00fcr das Wirken geistiger [&hellip;]<\/p>\n","protected":false},"author":1,"featured_media":0,"parent":0,"menu_order":0,"comment_status":"closed","ping_status":"closed","template":"","meta":{"pagelayer_contact_templates":[],"_pagelayer_content":"","footnotes":""},"class_list":["post-10","page","type-page","status-publish","hentry"],"_links":{"self":[{"href":"https:\/\/i-am.anthroposophie.online\/i-am\/wp-json\/wp\/v2\/pages\/10","targetHints":{"allow":["GET"]}}],"collection":[{"href":"https:\/\/i-am.anthroposophie.online\/i-am\/wp-json\/wp\/v2\/pages"}],"about":[{"href":"https:\/\/i-am.anthroposophie.online\/i-am\/wp-json\/wp\/v2\/types\/page"}],"author":[{"embeddable":true,"href":"https:\/\/i-am.anthroposophie.online\/i-am\/wp-json\/wp\/v2\/users\/1"}],"replies":[{"embeddable":true,"href":"https:\/\/i-am.anthroposophie.online\/i-am\/wp-json\/wp\/v2\/comments?post=10"}],"version-history":[{"count":4,"href":"https:\/\/i-am.anthroposophie.online\/i-am\/wp-json\/wp\/v2\/pages\/10\/revisions"}],"predecessor-version":[{"id":58,"href":"https:\/\/i-am.anthroposophie.online\/i-am\/wp-json\/wp\/v2\/pages\/10\/revisions\/58"}],"wp:attachment":[{"href":"https:\/\/i-am.anthroposophie.online\/i-am\/wp-json\/wp\/v2\/media?parent=10"}],"curies":[{"name":"wp","href":"https:\/\/api.w.org\/{rel}","templated":true}]}}

<h2 class="wp-block-heading">Initiative Anthroposophische Meditation</h2>



<div class="wp-block-columns is-layout-flex wp-container-core-columns-is-layout-28f84493 wp-block-columns-is-layout-flex">
<div class="wp-block-column is-layout-flow wp-block-column-is-layout-flow">
<figure class="wp-block-image size-full"><img loading="lazy" decoding="async" width="674" height="627" src="https://i-am.anthroposophie.online/i-am/wp-content/uploads/2025/04/logo.png" alt="" class="wp-image-7" srcset="https://i-am.anthroposophie.online/i-am/wp-content/uploads/2025/04/logo.png 674w, https://i-am.anthroposophie.online/i-am/wp-content/uploads/2025/04/logo-300x279.png 300w" sizes="auto, (max-width: 674px) 100vw, 674px" /></figure>
</div>



<div class="wp-block-column is-layout-flow wp-block-column-is-layout-flow">
<h3 class="wp-block-heading">Fachkollquium <br>8. bis 10. Mai 2026<br>Rudolf Steiner Haus Hamburg</h3>



<h2 class="wp-block-heading"><strong>Vertikale Gemeinschafts-bildung</strong></h2>



<p>I<strong>ndividuelle und gemeinschaft-liche Ansätze anthroposophi-scher Meditation als Weg für das Zusammenleben und -wirken mit geistigen Wesen</strong></p>
</div>
</div>



<p><br>Die Wahrnehmung von Stimmungen, von Anwesenheit und Präsenz  ist für Aufmerksame  zunehmend Normalität. Sie entdecken auch die eigene Seele als Schauplatz für das Wirken geistiger Wesen. Wie kann Meditation hier aufschliessen, klären und Verbindung stiften?</p>



<p><br>Anknüpfend an das erste I AM-Kolloquium 2025 in Stuttgart zum Thema „Meditieren in Gemeinschaft“ werden wir uns Hamburg mit der Frage der vertikalen Gemeinschaftsbildung auseinandersetzen. „Vertikal“ meint in diesem Zusammenhang: die aktive Zuwendung und Verbindung mit geistigen Wesen. Meditation – individuell wie auch gemeinschaftlich – kann zu einem Weg werden für das Zusammenleben und Zusammenwirken mit geistigen Wesen. Der Austausch mit anderen, das Beschreiben solcher Erlebnisse und das Verfolgen, wie sie zustande kommen, kann die eigene Arbeit ergänzen und befruchten.</p>



<p><br>Mit diesem Fachkolloquium möchten wir uns den skizzierten Themen und Fragen übend und erfahrend zuwenden. Neben den gemeinsamen Übzeiten, in denen individuelle Erfahrungswege miterlebt werden können, sind die Gespräche im Plenum auf drei thematische Schwerpunkte ausgerichtet: Anwesenheit, Verbindlichkeit, Inspirationsgemeinschaft.</p>



<p class="is-style-default"><br><br>Menschen mit Fragen und Anliegen in dieser Richtung sind herzlich eingeladen, an dem Kolloquium teilzunehmen. Wir freuen uns auf einen offenen Austausch und die Bereitschaft, aneinander und miteinander zu lernen.</p>



<p class="is-style-default has-text-color has-link-color wp-elements-750d10a64157e86d1c1933ae404344ec" style="color:#1c3575"><br><strong>Vorbereitungskreis: Matthias Bölts, Markus Buchmann, Inessa Burdich, Andreas Heertsch, Rolf Heine, Andreas Neider, Claus-Peter Röh, Wolfgang Tomaschitz, Bart Vanmechelen, Ulrike Wendt</strong></p>



<p><strong>Programm (Stand 10.12.25)</strong></p>



<p>Freitag, 8.5.26</p>



<p>17.30 Begrüßung und Eröffnungsplenum: “Was bedeutet Anwesenheit?“</p>



<p>20.00 Übungs-Raum I – Rolf Heine</p>



<p>Meditatives Üben, Erfahrungsaustausch und Gespräch</p>



<p>Samstag, 9.5.26</p>



<p>9.00 Auftaktübungen – Matthias Bölts und Ulrike Wendt</p>



<p>Übungs-Raum II – Astrid Engelbrecht / Christine Gruwez</p>



<p>12.00 Plenum II „Vertikale Verbindung und Verbindlichkeit“</p>



<p>15.00 Übungsgruppen zum Tagungsthema</p>



<p>17.00 Plenum III Auswertung der Übungsgruppen</p>



<p>19.30 kreativer Abend – künstlerische Besinnung</p>



<p>verantwortlich: Matthias und Ulrike</p>



<p>Sonntag, 10.5.26</p>



<p>9.00 Auftaktübungen – Matthias Bölts und Ulrike Wendt</p>



<p>Übungsraum III &#8211; Mikko Jairi: zum Thema „Wahrnehmung der Engelwelt“</p>



<p>11.30 Plenum IV „Wie entsteht eine Inspirationsgemeinschaft?“</p>



<p>Zukunft und Perspektiven vertikaler Gemeinschaftsbildung</p>



<p>13.00 Ende</p>

<p>Initiative Anthroposophische Meditation Fachkollquium 8. bis 10. Mai 2026Rudolf Steiner Haus Hamburg Vertikale Gemeinschafts-bildung Individuelle und gemeinschaft-liche Ansätze anthroposophi-scher Meditation als Weg für das Zusammenleben und -wirken mit geistigen Wesen Die Wahrnehmung von Stimmungen, von Anwesenheit und Präsenz ist für Aufmerksame zunehmend Normalität. Sie entdecken auch die eigene Seele als Schauplatz für das Wirken geistiger [&hellip;]</p>
